o = -c - 3, -32 = -c - 5*o. Suppose 0 = 3*n + c + 14. Let f = n - -2. What is k(f)?
-7
Let m(a) be the first derivative of 1/4*a**4 - 6 + 5/2*a**2 - 5/3*a**3 - 4*a. Calculate m(4).
0
Let z = 37 + -35. Let a(r) = 2*r. Give a(z).
4
Let q(k) = -k - 1. Let v be q(-2). Let h(u) = -u**3 + 2*u - 1 + v + u**2 - 3*u**2 + 2. Calculate h(-2).
-2
Suppose -5 = -5*g + f + 2*f, -4*g - 18 = 2*f. Let p(o) be the first derivative of -o**4/2 - o**3 + 2*o + 1. Give p(g).
6
Let k(o) be the first derivative of 1 - 4*o - 1/2*o**2. Let i be (8/4)/(-2)*3. What is k(i)?
-1
Let x(r) = -r**3 + 6*r**2 - 2*r - 7. Let n be 15/(-2)*(-4)/6. Give x(n).
8
Let o(f) = 2*f. Let u(b) = 7*b - 1. Let l(a) = 22*o(a) - 6*u(a). Let j(k) = -k + 7. Let p be j(8). Let i be ((5 - 1)*1)/p. Calculate l(i).
-2
Let v(p) = -157*p**2 + 85*p**2 + 76*p**2 - p. Calculate v(1).
3
Suppose 4*y = 4*n + 24, -4*n - 4 = -2*y - 0. Let w = -7 + y. Let x(h) = -11*h + 13*h + h**w - 1 - 4*h**3. Determine x(1).
-2
Suppose -2*h + h + 4 = 0. Let u(j) = 3 + 4*j**3 - 2*j**2 - h + j + j**3 - 4*j**3. Determine u(2).
1
Let m(d) = -4*d**3 + 37*d**2 - 37*d + 16. Let s(t) = -t**3 + 9*t**2 - 9*t + 4. Let j = 0 + -2. Let g(l) = j*m(l) + 9*s(l). Give g(6).
-2
Let y(j) be the first derivative of 3*j + 2*j**2 - 1/4*j**4 - 4 + j**3. What is y(4)?
3
Let y = -14 - -6. Let p = -3 - y. Let o(f) = f**3 - 5*f**2 - 1. Determine o(p).
-1
Let r(n) = 3*n**2. Let s be (-1)/3 + 2/(-3). Let g be (-1)/(s - 0)*-1. What is r(g)?
3
Suppose 0 = -3*w, 2*w - 4 = -2*p - 0*w. Let r(j) = -6*j + 3. Determine r(p).
-9
Let g = 0 + 4. Let d = 5 - 3. Let w(n) = 4*n**2 - 6*n - 7. Let t(k) = -5*k**2 + 7*k + 8. Let y(x) = d*t(x) + 3*w(x). Calculate y(g).
11
Let o(y) be the first derivative of -y**3/3 + 4*y**2 - 5*y + 6. What is o(6)?
7
Let r be 1 - (-1)/((-2)/12). Let x(t) = -3*t**3 - 2*t + 13*t**3 - 2*t**3 - 3 - 9*t**3 - 5*t**2. Calculate x(r).
7
Let p be 4/18 - 48/(-27). Let l be 0 - (p + -1 + 1). Let w = -2 + l. Let a(x) = x**2 + 6*x + 6. What is a(w)?
-2
Let k(j) = j**3 + 3*j**2 - 2. Let w(v) = 2*v + 3. Let x be w(-5). Let i = -3 + 7. Let s = i + x. Calculate k(s).
-2
Suppose 0 = 4*d - 0*d + 24. Let x(u) = -u**2 - 4. Let r(g) = -1. Let z(v) = -3*r(v) + x(v). Let h(y) = 5*y**2 - 5*y + 11. Let q(i) = d*z(i) - h(i). Give q(-5).
-5
Let b(g) be the third derivative of g**6/120 + g**5/30 - g**4/8 + g**3/3 - 5*g**2 - g. Give b(-3).
2
Suppose 0*d = -5*d + 10. Let m be (d - 4)/((-6)/(-9)). Let p(x) = -x**3 - 3*x**2 + 2*x - 4. Calculate p(m).
-10
Let g(o) = 2*o - 11. Let b be g(8). Let m(j) be the third derivative of 1/120*j**6 - 2/3*j**3 + 1/8*j**4 - 1/12*j**b + 0*j + 0 + 2*j**2. Determine m(4).
-8
Let t(s) = s - 28. Let v be t(0). Let l be (-38)/14 + 8/v. Let h(i) = -i - 4. What is h(l)?
-1
Let m = 33 - 21. Suppose -3*a + 0*a = -m. Let g(f) = -f - 2. Determine g(a).
-6
Suppose 0 = 6*m + 78 - 120. Let u(k) = -2*k + 3. Calculate u(m).
-11
Let o(w) = -2*w - 3. Let u = -2 - -5. Let h be 16/(-6) + 2/u. What is o(h)?
1
Let n(c) = -c**3 - 4*c**2 - 3. Suppose 5*j + 3 = 4*x, 0 = 3*j + 4*x - 4 - 7. Let u be j - 4/(12/15). Give n(u).
-3
Let p(y) = 2*y**2 + y - 1. Let d be p(-5). Let r be (d/(-55))/((-4)/10). Let t(j) = -j**3 + 4*j - 3. Determine t(r).
-3
Let l(g) = -g**3 + 3*g**2 + 2. Let w be l(3). Let u(m) = 1 - 3*m + 4 - w. Let a = -2 - -5. What is u(a)?
-6
Let a(b) = -9*b - 642*b**3 + 1 + 8*b**2 + 643*b**3 + 3. Determine a(-9).
4
Let f be 1 + -4 - (-23 + -5). Let j be 3/(-4) - f/20. Let v(o) = 5*o + 3. Give v(j).
-7
Let r(t) = t**2 - 5*t - 1. Suppose -3*x = -4*j - x + 16, -3*x = 3*j - 30. What is r(j)?
5
Let h = -4 + 6. Suppose -3*v + 13 = -5*a + 3, 0 = -3*a + h*v - 5. Let p(k) = k**2 + 6*k. Calculate p(a).
-5
Let k = 7 + -9. Let m(x) = 0 + 1 + 2*x + x**2 + x**3 + 2*x**2. Give m(k).
1
Let y(s) = -3*s. Let t = 4 - 1. Let z be (t/(-2))/((-3)/(-4)). Determine y(z).
6
Let l(g) = -15*g - 7*g + 6*g - 1 + 3*g. What is l(-1)?
12
Suppose -4*y + 3*o = -1, -y + 17 = 2*y + o. Suppose 2 = v - 2*z - 1, -3 = -y*v - z. Let j(s) = -4*s**3 - s**2 - s + 1. Give j(v).
-5
Suppose -w = -5*o + 13, w - 4*o + 15 = 5. Let j(h) be the second derivative of 1/2*h**w + 0 - h**3 - 2*h. Calculate j(1).
-5
Let l(b) = -b**2 - 2*b + 13 - 29 + 17 + 6*b. Give l(4).
1
Let m(v) = -v**2 - 9. Suppose 3*z + 24 = -0*z. Let x = z + 8. What is m(x)?
-9
Suppose -28 = -5*u - 3. Let n(h) = h**3 - 4*h**2 - 8*h + 6. Determine n(u).
-9
Let x(a) = -a**3 + 4*a**2 + 3*a - 5. Let i(f) = f**3 - f + 1. Let b(n) = -2*i(n) - x(n). Calculate b(-4).
7
Let u be ((-16)/(-10))/(4/10). Let r(c) be the second derivative of -2*c + 1/12*c**u + 0 + 1/3*c**3 - 1/2*c**2. Give r(-2).
-1
Let d(x) = 3*x - 8. Let s(n) = -n - 3*n - 8*n + 6*n - n**2 - 3. Let w be s(-3). Give d(w).
10
Let p(y) = -y**2 + 2*y**2 + 2 + 0 + y. Let r = -41 - -38. What is p(r)?
8
Suppose 0 = -j - 4, -j - 2 = -2*t + 6. Let u(f) = f + 0 - f**3 - 2*f**2 + 5*f**t - 2*f + 4. Calculate u(3).
1
Let p(m) = m + 1. Let i(z) = -1. Let r(n) = -n + 11. Let d(j) = -6*i(j) - r(j). Let b be d(3). What is p(b)?
-1
Let w(z) = -z**2 - z - 5. Let y be w(0). Let c(k) be the first derivative of k**3/3 + 3*k**2 + 4*k - 12. Determine c(y).
-1
Let y = -13 + 7. Let l(v) = -v - 3. Give l(y).
3
Let n(x) = -7*x + 1. Let t(q) = 6*q - 4 + 3 - 1 + 1. Let d(h) = -5*n(h) - 6*t(h). Determine d(3).
-2
Let d(p) = 3*p**2 + p. Suppose 2*k - 13 = i, -2*k = -6*k + 4*i + 36. Suppose -14 = 4*n + 5*s - 46, -5*s + 5 = -5*n. Let t be n/(-2) + 2/k. Calculate d(t).
2
Let n(f) = -f + 11. Let h = 110 - 104. Determine n(h).
5
Let b(k) = 13*k**2 - 41*k + 24*k - 1 + 17*k. Give b(1).
12
Let j(y) = y**3 - 6*y**2 + 7*y - 5. Suppose -3*p + 7*p = 12. Let f be -1 - (-4 + p + -4). What is j(f)?
-9
Let w(x) be the first derivative of -13*x**7/840 + x**5/120 - x**4/24 + 2*x**3/3 + 1. Let u(p) be the third derivative of w(p). Calculate u(1).
-13
Let k(b) = -b**2 - 2*b - 1. Let t be k(-2). Let o(z) = 3*z. Let i(w) = -w + 1. Let a(j) = t*o(j) - 4*i(j). Let h = 11 + -11. Determine a(h).
-4
Let q(w) = 8*w**2 - 12*w + 3. Let t(f) = 7*f**2 - 11*f + 3. Let o(j) = 6*q(j) - 7*t(j). Determine o(6).
-9
Let v(j) = -j**2 + 5*j - 7. Suppose -2*t - 3*r + 4 = -r, 19 = 5*t + 2*r. Calculate v(t).
-7
Let n(j) = 8*j + 9. Let m(v) = -v**2 + 9*v - 12. Let o be m(6). Let q(i) = -17*i - 18. Let r(f) = o*q(f) + 13*n(f). Determine r(-7).
-5
Let a(i) be the first derivative of 2 - i + 1/2*i**2. Let d = 17 - 12. Give a(d).
4
Let r(d) = -5*d - 32. Let m be r(-7). Let h(o) = o**2 - o. Calculate h(m).
6
Let g(t) = t + 1. Let b be g(-5). Let z(a) = a**2 + 5*a + 1. Calculate z(b).
-3
Let d(g) be the third derivative of 0*g**4 - g**2 - 1/6*g**3 + 0*g + 1/10*g**5 + 0. Let f be ((-2)/(-1))/(4 + -2). Give d(f).
5
Let f(i) be the third derivative of -i**5/120 + i**4/24 + i**3/3 + i**2. Let b(c) be the first derivative of f(c). What is b(-3)?
4
Let j = 1 - -3. Let p(y) = -4 + 4 - 6*y + j - y**2 - 5. What is p(-5)?
4
Let t(f) be the third derivative of f**5/60 - 5*f**4/24 - f**3/6 - 2*f**2. Let m be ((-26)/8)/((-2)/(-8)). Let z = 18 + m. Calculate t(z).
-1
Let p be 217/77 + (-2)/(-11). Suppose -5*t - 2 = -2*g - 3, -p*t + g + 1 = 0. Let h(w) = -w**3 + 2*w**2 - 2*w + 1. Give h(t).
0
Let q(s) = -s**2 + 4 + 11*s - 8 - 3*s - 3. Let g be q(6). Let r(v) = -3*v + 2. Determine r(g).
-13
Let s(v) = v**3 - v**2 - v. Suppose 3*b - 2*u = 5, 5*b = 2*b + 5*u + 17. What is s(b)?
-1
Let i(c) be the first derivative of c**5/20 - c**4/12 - c**3/6 + c**2 - 9*c + 3. Let h(n) be the first derivative of i(n). What is h(2)?
4
Let q be (36/(-15))/(1/(-5)). Suppose 5*k + 4*s + 20 + q = 0, 5*k + 5*s = -35. Let c be 10/4 - 2/k. Let g(t) = t + 4. Determine g(c).
7
Let a be (2/(-7))/((-6)/42). Let v(i) = -i**3 - i**2 + 13*i + a - 13*i. What is v(0)?
2
Let o(a) = -5*a**3 + a**2 - a - 1. Let n be o(-1). Let y be (-1)/n + (-4)/(-24). Let x(m) = -m + 6. Give x(y).
6
Let z(w) = -6 + w**2 + 4 + 4*w + 3. Suppose 0*n + 4*p - 20 = 4*n, n - 7 = -3*p. Calculate z(n).
-3
Let z(q) be the second derivative of -q**3/6 + 7*q**2/2 + 9*q. Suppose -5*r = -11 + 1. Let v be -3 + 1 - (r - 9). Give z(v).
2
Let f(k) = 10*k - 14*k - k**2 + 6*k. What is f(2)?
0
Let f(p) be the second derivative of -1/12*p**4 + 3*p + 0 - 3/2*p**2 - 1/2*p**3. Suppose x - g - 11 = -4*g, 3*x - 2*g + 22 = 0. What is f(x)?
-7
Let x(f) = 5 - 